{"id":65,"date":"2023-04-20T14:13:14","date_gmt":"2023-04-20T14:13:14","guid":{"rendered":"https:\/\/civileambientale.ing.uniroma2.it\/?page_id=65"},"modified":"2025-06-17T23:07:09","modified_gmt":"2025-06-17T23:07:09","slug":"erasmus","status":"publish","type":"page","link":"https:\/\/civileambientale.ing.uniroma2.it\/?page_id=65","title":{"rendered":"Mobilit\u00e0 Internazionale"},"content":{"rendered":"\n<figure class=\"wp-block-image size-large\"><img loading=\"lazy\" decoding=\"async\" width=\"1024\" height=\"461\" src=\"https:\/\/civileambientale.ing.uniroma2.it\/wp-content\/uploads\/2023\/07\/Erasmus-1024x461.png\" alt=\"\" class=\"wp-image-296\" srcset=\"https:\/\/civileambientale.ing.uniroma2.it\/wp-content\/uploads\/2023\/07\/Erasmus-1024x461.png 1024w, https:\/\/civileambientale.ing.uniroma2.it\/wp-content\/uploads\/2023\/07\/Erasmus-300x135.png 300w, https:\/\/civileambientale.ing.uniroma2.it\/wp-content\/uploads\/2023\/07\/Erasmus-768x346.png 768w, https:\/\/civileambientale.ing.uniroma2.it\/wp-content\/uploads\/2023\/07\/Erasmus-24x11.png 24w, https:\/\/civileambientale.ing.uniroma2.it\/wp-content\/uploads\/2023\/07\/Erasmus-36x16.png 36w, https:\/\/civileambientale.ing.uniroma2.it\/wp-content\/uploads\/2023\/07\/Erasmus-48x22.png 48w, https:\/\/civileambientale.ing.uniroma2.it\/wp-content\/uploads\/2023\/07\/Erasmus.png 1250w\" sizes=\"auto, (max-width: 1024px) 100vw, 1024px\" \/><\/figure>\n\n\n\n<p>Per conoscere i dettagli del programma Erasmus e delle altre opportunit\u00e0 di studio all\u2019estero visita la <a href=\"https:\/\/ing.uniroma2.it\/studiare-all-estero\/\" target=\"_blank\" rel=\"noreferrer noopener\">pagina&nbsp;dedicata<\/a> alle opportunit\u00e0 di mobilit\u00e0 internazionale per gli studenti di Ingegneria.<\/p>\n\n\n\n<div class=\"wp-block-buttons is-layout-flex wp-block-buttons-is-layout-flex\">\n<div class=\"wp-block-button\"><a class=\"wp-block-button__link wp-element-button\" href=\"https:\/\/mobint.uniroma2.it\/erasmus\/welcome\/\">Bandi Attivi<\/a><\/div>\n<\/div>\n\n\n\n<p><strong>Bando Erasmus<\/strong><\/p>\n\n\n\n<p>Gli Atenei con cui \u00e8 presente una specifica convenzione con il Corso di Studi di Ingegneria Civile e Ambientale sono i seguenti:<\/p>\n\n\n\n<figure class=\"wp-block-image size-large\"><img decoding=\"async\" src=\"http:\/\/civileambientale.ing.uniroma2.it\/wp-content\/uploads\/2025\/06\/corsi-erasmus.png\" alt=\"\"\/><\/figure>\n\n\n\n<p>Per informazioni, dubbi e chiarimenti sulla domanda \u00e8 possibile richiedere un appuntamento presso l\u2019<strong>Ufficio Erasmus+ della Macroarea di Ingegneria<\/strong>&nbsp;contattando:<\/p>\n\n\n\n<p>Daniela Mannino<br>tel.: 06 7259 7506 \u2013 <a href=\"mailto:daniela.mannino@uniroma2.it\" target=\"_blank\" rel=\"noreferrer noopener\">daniela.mannino@uniroma2.it<\/a><\/p>\n\n\n\n<p><strong>Referente Erasmus+ per il Corso di Laurea<\/strong><\/p>\n\n\n\n<p>Prof. Giulia Costa<br>tel.: 06 7259 7007 \u2013<a href=\"mailto:costa@ing.uniroma2.it\" target=\"_blank\" rel=\"noreferrer noopener\">costa@ing.uniroma2.it<\/a><\/p>\n\n\n\n<p><strong>Delegato Erasmus+ della Macroarea di Ingegneria<\/strong><\/p>\n\n\n\n<p>Prof. Fabio Del Frate<br>tel.: 06 7259 7734 \u2013 <a href=\"mailto:fabio.del.frate@uniroma2.it\" target=\"_blank\" rel=\"noreferrer noopener\">fabio.del.frate@uniroma2.it<\/a><\/p>\n\n\n\n<div class=\"wp-block-buttons is-layout-flex wp-block-buttons-is-layout-flex\"><\/div>\n","protected":false},"excerpt":{"rendered":"<p>Per conoscere i dettagli del programma Erasmus e delle altre opportunit\u00e0 di studio all\u2019estero visita la pagina&nbsp;dedicata alle opportunit\u00e0 di mobilit\u00e0 internazionale per gli studenti di Ingegneria. Bando Erasmus Gli Atenei con cui \u00e8 presente una specifica convenzione con il<\/p>\n","protected":false},"author":2,"featured_media":0,"parent":0,"menu_order":0,"comment_status":"closed","ping_status":"closed","template":"","meta":{"footnotes":""},"class_list":["post-65","page","type-page","status-publish","hentry"],"_links":{"self":[{"href":"https:\/\/civileambientale.ing.uniroma2.it\/index.php?rest_route=\/wp\/v2\/pages\/65","targetHints":{"allow":["GET"]}}],"collection":[{"href":"https:\/\/civileambientale.ing.uniroma2.it\/index.php?rest_route=\/wp\/v2\/pages"}],"about":[{"href":"https:\/\/civileambientale.ing.uniroma2.it\/index.php?rest_route=\/wp\/v2\/types\/page"}],"author":[{"embeddable":true,"href":"https:\/\/civileambientale.ing.uniroma2.it\/index.php?rest_route=\/wp\/v2\/users\/2"}],"replies":[{"embeddable":true,"href":"https:\/\/civileambientale.ing.uniroma2.it\/index.php?rest_route=%2Fwp%2Fv2%2Fcomments&post=65"}],"version-history":[{"count":20,"href":"https:\/\/civileambientale.ing.uniroma2.it\/index.php?rest_route=\/wp\/v2\/pages\/65\/revisions"}],"predecessor-version":[{"id":771,"href":"https:\/\/civileambientale.ing.uniroma2.it\/index.php?rest_route=\/wp\/v2\/pages\/65\/revisions\/771"}],"wp:attachment":[{"href":"https:\/\/civileambientale.ing.uniroma2.it\/index.php?rest_route=%2Fwp%2Fv2%2Fmedia&parent=65"}],"curies":[{"name":"wp","href":"https:\/\/api.w.org\/{rel}","templated":true}]}}