{"id":26,"date":"2023-07-16T08:14:00","date_gmt":"2023-07-16T08:14:00","guid":{"rendered":"https:\/\/civileambientale.ing.uniroma2.it\/?page_id=26"},"modified":"2025-12-12T18:09:14","modified_gmt":"2025-12-12T18:09:14","slug":"lauree-prove-finali","status":"publish","type":"page","link":"https:\/\/civileambientale.ing.uniroma2.it\/?page_id=26","title":{"rendered":"Laurea e Prove Finali"},"content":{"rendered":"<div class=\"wp-block-image\">\n<figure class=\"aligncenter size-large\"><img loading=\"lazy\" decoding=\"async\" width=\"1024\" height=\"576\" src=\"https:\/\/civileambientale.ing.uniroma2.it\/wp-content\/uploads\/2023\/07\/Laurea-1024x576.jpg\" alt=\"\" class=\"wp-image-273\" srcset=\"https:\/\/civileambientale.ing.uniroma2.it\/wp-content\/uploads\/2023\/07\/Laurea-1024x576.jpg 1024w, https:\/\/civileambientale.ing.uniroma2.it\/wp-content\/uploads\/2023\/07\/Laurea-300x169.jpg 300w, https:\/\/civileambientale.ing.uniroma2.it\/wp-content\/uploads\/2023\/07\/Laurea-768x432.jpg 768w, https:\/\/civileambientale.ing.uniroma2.it\/wp-content\/uploads\/2023\/07\/Laurea-24x13.jpg 24w, https:\/\/civileambientale.ing.uniroma2.it\/wp-content\/uploads\/2023\/07\/Laurea-36x20.jpg 36w, https:\/\/civileambientale.ing.uniroma2.it\/wp-content\/uploads\/2023\/07\/Laurea-48x27.jpg 48w, https:\/\/civileambientale.ing.uniroma2.it\/wp-content\/uploads\/2023\/07\/Laurea.jpg 1250w\" sizes=\"auto, (max-width: 1024px) 100vw, 1024px\" \/><\/figure><\/div>\n\n\n<h2 class=\"wp-block-heading\">Informazioni Generali<\/h2>\n\n\n\n<p>La prova finale verter\u00e0 su quesiti relativi alle <strong>materie del terzo anno di corso<\/strong> e permetter\u00e0 al candidato di ottenere fino ad un massimo di <strong>7 punti<\/strong> :<\/p>\n\n\n\n<ul class=\"wp-block-list\">\n<li>Scienza delle Costruzioni<\/li>\n\n\n\n<li>Tecnica delle Costruzioni<\/li>\n\n\n\n<li>Ingegneria Sanitaria Ambientale<\/li>\n\n\n\n<li>Geotecnica<\/li>\n\n\n\n<li>Idraulica<\/li>\n<\/ul>\n\n\n\n<p>Procedura d&#8217;iscrizione<\/p>\n\n\n\n<ul class=\"wp-block-list\">\n<li>La domanda di laurea si inoltra su Delphi dalla propria pagina personale, alla voce: \u201cGestione domanda di laurea\u201d;<\/li>\n\n\n\n<li>Leggere attentamente le istruzioni riportate, in fondo alla pagina andare avanti dove sono riportate le voci necessarie per l\u2019adempimento.<\/li>\n\n\n\n<li>La procedura dovr\u00e0 essere completata da <strong>60 a 30 giorni prima della data della seduta di laurea<\/strong>;<\/li>\n\n\n\n<li>Una volta compilata la domanda di laurea su Delphi questa dovr\u00e0 essere firmata ed inviata scansionata all&#8217;indirizzo e-mail <a href=\"mailto:segreteria-studenti@ing.uniroma2.it\">segreteria-studenti@ing.uniroma2.it<\/a><\/li>\n\n\n\n<li><\/li>\n\n\n\n<li>Per la Macroarea di Ingegneria non occorre consegnare la copia dell\u2019ultimo piano di studi, poich\u00e9 \u00e8 gi\u00e0 nei nostri archivi.<\/li>\n\n\n\n<li><\/li>\n\n\n\n<li><strong>NB: Ci si pu\u00f2 iscrivere all&#8217;esame anche se devono essere ancora sostenuti uno o pi\u00f9 esami, ma tutti gli esami devono essere verbalizzati al massimo 20 giorni prima della data dell&#8217;esame finale.<\/strong><\/li>\n<\/ul>\n\n\n\n<p><strong>Ogni studente&nbsp; che esegue la Domanda di Laurea trova <strong>nella propria area personale su Delphi in -&gt;&nbsp;Gestione domanda di Laurea<\/strong><\/strong> <strong>anche il modulo&nbsp;<u>\u201cDICHIARAZIONE ASSEGNAZIONE&nbsp; TESI\/LAVORO FINALE\u201d<\/u><\/strong><\/p>\n\n\n\n<ul class=\"wp-block-list\">\n<li>Questo modulo va scaricato e compilato come segue:<\/li>\n\n\n\n<li>Al punto: \u201cper la discussione delle Tesi di Laurea nella &#8220;disciplina&#8221; inserire Prova Finale;<\/li>\n\n\n\n<li>al punto: \u201crelatore\u201d inserire il nominativo del Coordinatore del C.S.;<\/li>\n\n\n\n<li>al punto: \u201cbreve descrizione del contenuto della tesi etc.: inserire Prova Finale.<\/li>\n\n\n\n<li><\/li>\n\n\n\n<li>Firmare e inviare alla Segreteria Didattica all\u2019indirizzo mail:&nbsp;<a href=\"mailto:didattica.civile@ing.uniroma2.it\">didattica.civile@ing.uniroma2.it<\/a><\/li>\n<\/ul>\n\n\n\n<p class=\"has-medium-font-size\"><strong>Date prove finali in Ingegneria Civile-Ambientale<\/strong><\/p>\n\n\n\n<p>Il calendario \u00e8 pubblicato nella pagina <\/p>\n\n\n\n<p>Per ulteriori informazioni: <a href=\"https:\/\/ing.uniroma2.it\/laurea\/\">https:\/\/ing.uniroma2.it\/laurea\/<\/a><\/p>\n","protected":false},"excerpt":{"rendered":"<p>Informazioni Generali La prova finale verter\u00e0 su quesiti relativi alle materie del terzo anno di corso e permetter\u00e0 al candidato di ottenere fino ad un massimo di 7 punti : Procedura d&#8217;iscrizione Ogni studente&nbsp; che esegue la Domanda di Laurea<\/p>\n","protected":false},"author":2,"featured_media":0,"parent":0,"menu_order":0,"comment_status":"closed","ping_status":"closed","template":"","meta":{"footnotes":""},"class_list":["post-26","page","type-page","status-publish","hentry"],"_links":{"self":[{"href":"https:\/\/civileambientale.ing.uniroma2.it\/index.php?rest_route=\/wp\/v2\/pages\/26","targetHints":{"allow":["GET"]}}],"collection":[{"href":"https:\/\/civileambientale.ing.uniroma2.it\/index.php?rest_route=\/wp\/v2\/pages"}],"about":[{"href":"https:\/\/civileambientale.ing.uniroma2.it\/index.php?rest_route=\/wp\/v2\/types\/page"}],"author":[{"embeddable":true,"href":"https:\/\/civileambientale.ing.uniroma2.it\/index.php?rest_route=\/wp\/v2\/users\/2"}],"replies":[{"embeddable":true,"href":"https:\/\/civileambientale.ing.uniroma2.it\/index.php?rest_route=%2Fwp%2Fv2%2Fcomments&post=26"}],"version-history":[{"count":17,"href":"https:\/\/civileambientale.ing.uniroma2.it\/index.php?rest_route=\/wp\/v2\/pages\/26\/revisions"}],"predecessor-version":[{"id":899,"href":"https:\/\/civileambientale.ing.uniroma2.it\/index.php?rest_route=\/wp\/v2\/pages\/26\/revisions\/899"}],"wp:attachment":[{"href":"https:\/\/civileambientale.ing.uniroma2.it\/index.php?rest_route=%2Fwp%2Fv2%2Fmedia&parent=26"}],"curies":[{"name":"wp","href":"https:\/\/api.w.org\/{rel}","templated":true}]}}